 = 52*o - 51*o - 5. Calculate the highest common divisor of o and 30.
5
Let k be 2/(-5) + (-153)/(-45). Suppose 3*q + k*d = -0*d + 66, 2*d = 2. Calculate the greatest common divisor of q and 42.
21
Let i(b) = b**2 - 10*b - 12. Let v be i(11). Let d be ((-12)/16)/(v/28). What is the highest common divisor of 63 and d?
21
Let y = -1 - -22. Calculate the highest common divisor of 63 and y.
21
Suppose 1 = g - 3. Suppose g*y = 6 + 46. Let r = y + -9. Calculate the highest common divisor of r and 1.
1
Let s(o) be the third derivative of o**4/8 - 5*o**3/3 + 7*o**2. Let p be s(6). Calculate the highest common factor of p and 8.
8
Let k = 1 - 5. Let h be k/(-14) - (-318)/14. Let c = h - -49. Calculate the highest common factor of c and 8.
8
Let r be (-3)/(-2)*3156/18. Suppose -132 = -x - 5*q, 2*x - r = q + 1. What is the greatest common factor of 12 and x?
12
Let p = -19 - -33. Let a(z) = -z**3 - 4*z**2 + 9*z + 42. Let w be a(-7). Calculate the greatest common factor of p and w.
14
Let b = 17 - -13. Calculate the highest common divisor of b and 45.
15
Let n(z) = 2*z + 1. Suppose 0 = k - 4*k + 3. Let w be n(k). Let o = -9 + 12. What is the highest common factor of o and w?
3
Let n be (-2)/(-3*2/15). Calculate the greatest common divisor of n and 2.
1
Let c be (4/5)/(4/10). Suppose -c*u - u = -132. What is the greatest common divisor of u and 11?
11
Let o(g) = -g**3 + 2*g**2 - 3*g - 3. Let s be o(-2). Let z = 27 - s. Let p be z*1 + (-2 - -2). What is the highest common factor of p and 1?
1
Let h(c) = c**3 + 5*c**2 - c + 10. Let j be h(-5). What is the highest common factor of j and 15?
15
Let w be (-6)/(-4) - 522/(-12). Suppose 0*x - x = -4. Suppose 135 = x*p + 15. What is the greatest common divisor of w and p?
15
Let t(s) = 8*s**2 - 8*s - 8. Let v be t(-1). Let w = -5 + 8. Suppose 4*k - 3*k = 3*c - 17, -w = -2*c - k. Calculate the highest common divisor of v and c.
4
Let m(j) = -3*j + 18. Let l be m(5). Suppose 5*r - 62 = h, -2*h - 44 = -3*r + 2*h. What is the greatest common divisor of r and l?
3
Suppose -2*l + 5*i - 200 = -5*l, 0 = 5*i + 10. What is the greatest common factor of l and 28?
14
Let z = 7 - -2. Calculate the greatest common factor of z and 9.
9
Let o(m) = 3*m**2 - 8*m + 5. Let z = 18 + -11. Let i be o(z). Calculate the greatest common divisor of 24 and i.
24
Suppose 5*v = 2*c + 294, 2*c + 72 - 198 = -2*v. Calculate the highest common divisor of 150 and v.
30
Suppose -i + 2 = 1. Let y = 5 - i. What is the greatest common divisor of 44 and y?
4
Suppose -k = 2*k - 96. Calculate the highest common factor of 48 and k.
16
Let v(f) = -f - 2*f + f**3 + 5*f**2 - 2*f + 3*f - 5. Let h be v(-5). Calculate the greatest common divisor of h and 20.
5
Let a = -5 - -15. Let i = a + -7. Calculate the greatest common divisor of i and 18.
3
Let q = 28 - 15. Calculate the highest common factor of 143 and q.
13
Let w be (-57)/(-2)*((-98)/21 - -6). Calculate the greatest common factor of 95 and w.
19
Suppose 0 = 2*l - 5*r - 16 - 13, r = 3*l - 37. Let c = l - -20. Let z = 195 - 115. Calculate the greatest common factor of z and c.
16
Suppose -4*o + 364 = -z, -o - 4*o + 466 = -4*z. What is the highest common divisor of 9 and o?
9
Let s be (1 - 7/3)*(12 - 15). Calculate the greatest common divisor of 28 and s.
4
Suppose a = -2*a + 12. Suppose -482 = -a*t - 2*z, -7*t + 476 = -3*t - 4*z. Suppose 0 = 4*x + x - t. Calculate the highest common factor of 12 and x.
12
Suppose -3*t + 28 = 5*u - 41, -87 = -4*t - 5*u. Let y = -10 + t. Calculate the highest common divisor of y and 12.
4
Suppose 0*g = 2*g + 2. Let r be (1 + 20)*g/(-3). Let a be 20/3*3 + 1. Calculate the highest common factor of r and a.
7
Suppose 4*s - 9 = -2*w - 3, -2*s = 2*w. Let t be (-4)/18 - (-598)/18. Calculate the highest common divisor of t and s.
3
Suppose 5*v + 19 + 6 = 0, 125 = 3*g - v. Suppose -2*p + 3*a = 2*p - 75, -p + g = -5*a. What is the highest common divisor of p and 30?
15
Let l(n) = -n - 5. Let d be l(-10). Suppose d*f + 84 = 6*f. Calculate the greatest common factor of 12 and f.
12
Suppose 17*b = 29*b - 240. Calculate the greatest common divisor of b and 120.
20
Let b = 6 - -8. Let q(z) = -z**3 + 8*z**2 + 2*z - 2. Let u be (-6)/2*(-32)/12. Let i be q(u). Calculate the greatest common factor of i and b.
14
Let u = 228 + -52. Let y = 8 + -5. Suppose -56 = -y*h + 2*n, 3*h + 4*n = 5*h - 48. Calculate the highest common factor of h and u.
16
Let i(w) = -w**3 - 7*w**2 - 8*w - 7. Let k be i(-6). Suppose -l - k = -2*l. Suppose -l*q + 101 = -159. Calculate the greatest common factor of q and 13.
13
Suppose 34 + 47 = 3*w. What is the greatest common factor of 54 and w?
27
Suppose -4*u + 13 = -3. Let c be 1/u - 1573/(-44). What is the highest common factor of 24 and c?
12
Let h = -9 + 6. Let g be 63 - (-1 - 0)*h. What is the greatest common factor of g and 24?
12
Suppose 3*v - 265 = 5*x, -x + 4 = 3*x. Suppose 0 = -17*a + 21*a - 40. Calculate the greatest common divisor of a and v.
10
Suppose 4*q = -18 + 46. Let k be 8 + -2 + 3/3. Calculate the highest common divisor of k and q.
7
Let a be 1*-7*(-1 + -4). Suppose 0 = 4*g + 5*i - 112, 0 = 5*g + 3*i - a - 118. Suppose -5*w + 4*w + g = 0. Calculate the greatest common factor of 11 and w.
11
Suppose 7*r = 12*r - 25. What is the greatest common divisor of 1 and r?
1
Let u(c) = -c**2 + 9*c - 5. Let w be u(7). Suppose y + q - 1 = 19, -y - 4*q + 11 = 0. Let x = y - w. What is the highest common factor of 7 and x?
7
Let l = 67 + -11. Calculate the highest common divisor of 32 and l.
8
Suppose 3*t + 59 = 3*h - t, 2*h - 4*t - 34 = 0. Calculate the greatest common divisor of h and 175.
25
Let x = 184 + -154. Calculate the greatest common divisor of x and 20.
10
Suppose p + 3*c = 2*c + 1, -p = -5*c - 25. Suppose q - 2*k - 8 = -k, -p*q + 58 = 4*k. Suppose 1 = -4*f + 9. Calculate the highest common divisor of f and q.
2
Let s = 181 + -101. Calculate the highest common divisor of s and 32.
16
Let l = -14 + 21. Let p = -3 + l. Suppose -43 + 13 = -4*r - 3*s, 0 = -s + 2. What is the greatest common divisor of r and p?
2
Suppose -3 = -4*q + c, 2*q - 3*q + 6 = 5*c. Calculate the greatest common factor of 7 and q.
1
Let v(h) = 6*h**2 - 20*h - 4. Let d(j) = -2*j**2 + 7*j + 1. Let r(o) = 8*d(o) + 3*v(o). Let k be r(4). Calculate the highest common factor of 84 and k.
12
Suppose -260 + 40 = -a. Let s be 0/((-1 - -2) + 1). Suppose 2*l + 2*l - 80 = s. Calculate the highest common divisor of a and l.
20
Suppose -3*z + 5*z - 46 = 0. Calculate the greatest common factor of 92 and z.
23
Suppose 3*p = 5*p, 0 = -d + p + 5. Let c = 53 + -35. Suppose 0 = 3*x + 3*j - c, d*j - 12 + 36 = 4*x. Calculate the greatest common factor of x and 6.
6
Suppose 0 = -0*z - 5*z + 25. What is the greatest common factor of 35 and z?
5
Let i = 25 + -25. Let p be -3*2/(-9)*-6. Let o = i - p. What is the greatest common divisor of 4 and o?
4
Suppose 0 = 5*c + c - 150. Calculate the greatest common factor of c and 25.
25
Let k be 9 + ((-4)/4 - -4). Let c = k + -4. Calculate the highest common divisor of c and 56.
8
Suppose -4*y - 22 = -3*w + 102, 5*y = w - 56. Suppose 3 = -5*r - 2. Let o be r*6*3/(-2). What is the highest common factor of w and o?
9
Let i = -100 + 60. Let u = -4 - i. What is the highest common factor of 9 and u?
9
Let y = 258 + -170. Calculate the highest common factor of 8 and y.
8
Let w(z) = z**2 - 4*z + 5. Let u be -12*((-28)/12 + 2). Let s be w(u). What is the greatest common divisor of s and 10?
5
Let f = -163 + 93. Let n be (-1 + -1 - -111)*1. Let q = n + f. What is the highest common divisor of 13 and q?
13
Let c be 5/1*(-14)/(-5). Let n(h) be the first derivative of h**3/3 + 5*h**2/2 + 1. Let v be n(-14). What is the highest common factor of c and v?
14
Let c be 6/(-21) - 16/(-7). Suppose 16 = i - c. Let f be 64/10 + 12/(-30). What is the greatest common divisor of i and f?
6
Suppose p = 6*p - 20. Let g be (-2)/3 + (-58)/(-6). Let f be g/(-6)*(-16)/6. What is the highest common factor of p and f?
4
Let o(a) = -a**2 - a. Let g be o(-3). Let l(h) = -10*h + 1. Let x be l(g). Suppose -4*y + x = -143. Calculate the highest common divisor of 34 and y.
17
Suppose 16*h = 14*h + 28. Let q = 9 - 2. What is the highest common divisor of h and q?
7
Let s(n) be the second derivative of -